en 3 is divided by m?
1
Suppose 0 = 3*y - 5*n - 638, 845 = 4*y - 10*n + 9*n. What is the remainder when y is divided by 70?
1
Suppose -o - 3*d + 202 = 0, 3*d = -4*o + 233 + 566. Calculate the remainder when o is divided by 50.
49
What is the remainder when (-928)/(-14) + (-4)/14 is divided by (-2)/4*((-9 - 21) + -4)?
15
Let s = -57 - -181. Calculate the remainder when s is divided by 21.
19
Let u = 29 + -32. Let b = 4 + -8. Calculate the remainder when 41 is divided by b + 56/4 + u.
6
Suppose 9*b = 17*b - 3352. Calculate the remainder when b is divided by 70.
69
Suppose 0*d + 12 = -3*d - 3*v, 0 = -4*d - 2*v - 10. Calculate the remainder when 93 is divided by 72/54*(-9)/d.
9
Suppose 234 = -26*k + 32*k. Let l = -2 + k. Calculate the remainder when 146 is divided by l.
35
Suppose -5*g = -2*m - 234, 102 = 2*g - 0*g + 2*m. What is the remainder when 165 is divided by g?
21
Suppose n + c + 16 - 42 = 0, 5*n - 5*c = 180. Calculate the remainder when n is divided by 11.
9
Let g = 12 - 19. Let t(n) = 4*n - 2. Let p be t(g). Let r = -14 - p. Calculate the remainder when r is divided by 9.
7
Let s(z) = 5*z - 24. What is the remainder when s(8) is divided by 14?
2
Suppose 3*g + 5*o = o + 1136, -4*o - 1904 = -5*g. What is the remainder when g is divided by 35?
30
Let r(g) = -2*g**3 - 3*g**2 - 3*g - 2. Let m(z) = -z**2 + 3*z + 2. Let b be m(-3). Calculate the remainder when (147/(-12))/(-1) - 12/b is divided by r(-2).
5
Let k = -10 - -33. Let x = k - 22. What is the remainder when 4 is divided by x?
0
Let u(x) = 21*x - 69. What is the remainder when u(12) is divided by 37?
35
Let h be 80/36 - 2/9. Suppose 0 = l + 8*c - 3*c + 15, -h*c = 8. What is the remainder when l is divided by 3?
2
Let l(v) = -v**2 + 10*v + 40. Suppose 4*x + 24 = 6*x. What is the remainder when 125 is divided by l(x)?
13
Let u be 3*4/18*-6. Let g(h) = -2*h. Let z(c) = 2*c - 1. Let x(n) = u*z(n) - 5*g(n). What is the remainder when 31 is divided by x(2)?
7
Suppose 472 - 52 = 12*t. Calculate the remainder when 234 is divided by t.
24
Let y(x) = 11*x**2 + 12*x - 2. Calculate the remainder when y(-6) is divided by 13.
10
Suppose -5*r = 2*i - 145, 5*i + 16 = 2*r - 13. What is the remainder when r is divided by 7/(-3)*(0 + -3)?
6
Let g = -38 + 87. Let d(z) = z**3 - 2*z. Let n be d(2). Suppose u - 5*i = 32, -2*u = -0*u + n*i - 22. Calculate the remainder when g is divided by u.
15
Suppose 2*z + 1 = 5*t, -z = -t - 7 - 0. Suppose 10*u - 17*u = -210. What is the remainder when u is divided by z?
6
Let q(k) = -k**3 + 8*k**2 + k - 7. Let l be q(7). Suppose -l + 202 = 3*v. Calculate the remainder when v is divided by 13.
12
Let z(f) = 12*f - 84. Let s be z(25). Suppose 111*u - 109*u = s. Calculate the remainder when u is divided by 22.
20
Let l(r) = r**2 + 7*r + 4. Let x be l(-10). Suppose 3*v = x + 77. Calculate the remainder when v is divided by 2/(-8) + (-693)/(-36).
18
Let y = 1534 - 1529. What is the remainder when 17 is divided by y?
2
Let f(z) = 14*z - 2. Calculate the remainder when -4 + 59 - (3 + 0 - -3) is divided by f(2).
23
Let a = 194 + -132. Let s = a + -41. What is the remainder when s is divided by (-1)/(-4) + (-62)/(-8)?
5
Let h be 8/6 - (-8)/12. Let v = 4 - h. Suppose -2*a + 32 = -w, v*a + 2*w = -2*a + 72. Calculate the remainder when 30 is divided by a.
13
Let c be -3 + (10/1 - 3). Suppose 4 = -4*y, 5*y - c*y - 8 = -3*n. Suppose -n*i + 11*i - 40 = 0. What is the remainder when 8 is divided by i?
3
Calculate the remainder when 13/(-13)*(-177)/1 is divided by 57.
6
Suppose 9*y = -6*y + 480. What is the remainder when 54 is divided by y?
22
Let c(o) = 3*o**3 + 4*o**2 - 4*o - 3. Let p(b) = -b**3 - 2*b**2 + 2*b + 2. Let q(u) = 2*c(u) + 5*p(u). Calculate the remainder when 55 is divided by q(3).
17
Suppose 13*s = 14*s - 6. Suppose 4*r + 164 = s*r. Suppose -3*i + 28 = -2*i. What is the remainder when r is divided by i?
26
Let b = -15 + 19. Let z = 13 + -6. What is the remainder when (66/(-9))/((-1)/(6/b)) is divided by z?
4
Let g = 1535 - 1530. Calculate the remainder when ((-37)/(-1))/(1/2) is divided by g.
4
Let u = -19 + 27. Let i(j) = j**3 - 7*j**2 - 7*j + 3. Calculate the remainder when i(u) is divided by (-5)/30*7*(-5 + -1).
4
Suppose 76*i = 35*i + 6437. What is the remainder when i is divided by 8?
5
Suppose 6*s + 394 = -176. Let b = 157 + s. Calculate the remainder when b is divided by 33.
29
Suppose 3*t - w - 40 = 4*w, -5*t - 4*w = -116. Suppose -24*m = -t*m - 64. Calculate the remainder when 79 is divided by m.
15
What is the remainder when (-4248)/54*-4*18/3 is divided by 105?
103
Let c = -37 - -17. Let l be (c/35)/((-2)/14). Suppose -a = 4*d - 5*a - 16, -l*a - 1 = d. What is the remainder when 3 is divided by d?
0
Calculate the remainder when 400 is divided by (-3)/((-15)/155) - 0.
28
Let w be (27/(-12))/3*-12. Let a = 38 - w. Suppose -2*y + x + 26 = 4*x, x = -2*y + 30. What is the remainder when a is divided by y?
13
Let q(a) = 7*a - 56. What is the remainder when 430 is divided by q(10)?
10
Calculate the remainder when 548 is divided by (46/2)/((-10)/(-30)).
65
Let z(l) = -2*l - 9. Let w be z(-6). Let y(u) = 13*u**2 - 3*u + 4. Let i be y(w). Let m = -61 + i. What is the remainder when m is divided by 13?
12
Suppose -2*b + 0 = -2. Calculate the remainder when -7 + 3 - (-36 - b) is divided by 17.
16
Let j(l) = 47*l - 10*l - 1 - 35*l + 9*l**2. Let n(d) = -d + 8. Let w be n(7). Calculate the remainder when j(w) is divided by 3.
1
Suppose -2*t + 686 = -3*j + 8*j, -3*j + 424 = -5*t. Calculate the remainder when j is divided by 14.
12
Let d = -7 - -3. What is the remainder when (3/(-1))/((-3)/21) is divided by (5/(-2) + 1)*d?
3
Let l(j) = 2*j + 17. Calculate the remainder when l(5) is divided by 22.
5
Let y(v) = v - 6. Let i be y(4). Let m be (18/15)/(i/70). Let x = m - -62. What is the remainder when 59 is divided by x?
19
Suppose -26*t + 33*t - 376 = p, -2*t + 3*p = -121. What is the remainder when 313 is divided by t?
48
Suppose -3*g = 3*x - 126, -3*g - 11 = -2. Suppose 0 = -4*h + 59 + x. What is the remainder when 2*-25*(0 + -1) is divided by h?
24
Suppose 316 = 7*g - 195. What is the remainder when g is divided by 20?
13
Suppose 0 = -3*a + 3 + 51. Calculate the remainder when 35 is divided by a.
17
Suppose 0*b = -5*b + 55. Suppose -t = 5*p - 67, 2*t = -6*p + 8*p + 74. What is the remainder when t is divided by b?
9
Let k(o) be the first derivative of o**3/3 + 3*o**2/2 - 9*o + 11. What is the remainder when 52 is divided by k(-6)?
7
Let z = -15 - -19. Suppose -1 = -3*o + 2*d + 4, -z*o - d = -25. Suppose o*x + 7*i = 2*i + 640, i - 509 = -4*x. What is the remainder when x is divided by 32?
31
Suppose -585 = -8*c + 63. Calculate the remainder when 566 is divided by c.
80
Suppose -2*a - 4 = -3*a - 4*b, 14 = 2*a + 6*b. Calculate the remainder when 92 is divided by a.
12
Suppose 3*w - 313 = -5*q + 2*w, -3*q + 3*w + 195 = 0. Calculate the remainder when q is divided by 40.
23
Let d = -6 - -10. Suppose 11*f - d*f - 112 = 0. Calculate the remainder when f is divided by 34/6 + (-12)/18.
1
Let l be (-5)/((-10)/4) + (-6)/6. Calculate the remainder when (-2)/11 + l*(-706)/(-11) is divided by 17.
13
Let d = -107 + 142. What is the remainder when 83 is divided by d?
13
Let g = -30 + 55. Suppose 5*b + g = 5*l, -3*l - 5*b + 47 = -0*b. Calculate the remainder when 20 is divided by l.
2
What is the remainder when 99 is divided by (12/(-4) + 2)*2*-2?
3
Let u = 248 + -261. Let b = -48 - -68. Let m = u + b. Calculate the remainder when m is divided by 4.
3
Calculate the remainder when 38 is divided by (1265/(-33))/23 - 70/(-6).
8
Suppose 2*w = -3*a - 48, -4*w = -5*a - w - 99. Let j = a + 62. Suppose 2*h - 5*b = 3*h - 49, -j = -h - 4*b. Calculate the remainder when h is divided by 9.
6
Suppose 3*k = 4*w + 19, 2*k - 4*w - 5 = 9. Calculate the remainder when 11 + 2 - (2 - k) is divided by 10.
6
Let y = -222 + 244. What is the remainder when 29 is divided by y?
7
Calculate the remainder when 114 is divided by 128/(-192) - 119/(-3).
36
Let k = 20 + -17. Calculate the remainder when k is divided by -4*(-4 - (-28)/8).
1
Let v(g) be the third derivative of -5*g**4/24 - 29*g**3/6 - 9*g**2. Let r = 12 + -6. What is the remainder when v(-8) is divided by r?
5
Suppose 5*j = -1093 + 268. Let z = j - -87. Wh